
127
Evaluate (-3 - (-3 + 0)) + -84 + 105 + 13.
34
Calculate -76 - (20 - 37) - ((5 - 10) + -1).
-53
Calculate -2 + 21 + (23 - 55 - -29).
16
Calculate 3 - 0 - 2 - (27 - 25 - (-40 + 2)).
-39
What is 0 - -20 - (142 + (-26 - 95))?
-1
Evaluate (3 + -3 - -30) + (1531 - 1538).
23
What is -11 + (-2 + 12 - 12 - -12) + 10 + 67?
76
Evaluate (61 + -54 - (15 + 2)) + 14 + -1 + -51.
-48
What is 0 + 29 - (2858 - 2787)?
-42
What is (-130 - -25) + 33 - -26?
-46
Calculate -26 + 91 - (55 - 21).
31
Calculate -35 + -12 + (-31 - -21).
-57
-124 + 4 + 149 + 2 + 21
52
Calculate -1 + -17 + 9 + 1 - -12.
4
What is the value of -7 - ((-7 - -7) + -10) - (-79 + 168)?
-86
Evaluate -28 + 2 + 88 - (0 + -10 + 6).
66
What is the value of 6465 + -6554 + (0 - -63)?
-26
Calculate 49 + -45 + 118 - 66.
56
-1 - -9 - (-12 - ((18 - -13) + 29))
80
Calculate 8 - -83 - 130 - -61.
22
35 - -2 - (-3 - -40 - (-13 + -50 + 87))
24
Calculate (-3 - -13) + (-36 + 16 - -8 - -21).
19
Evaluate (-11 - 1) + (-119 - (-190 - -141)).
-82
1 - -28 - 23 - 89 - -10
-73
Evaluate -9 - ((8 - -4) + -35 + -1).
15
(0 - (2 + -55)) + (6364 - 6358)
59
-1 + 11 + 1 + 0 - (798 - (654 + 193))
60
Evaluate -101 + 38 - 2 - (-22 - 1).
-42
Evaluate 44 - (0 - -13) - 14.
17
What is the value of -31 - ((95 - -9) + -78)?
-57
What is 92 + (41 - 106) - (11 + -1)?
17
Evaluate -43 + (1 - 6 - -22) + -27.
-53
What is (-853 - -802) + -2 + (-19 - 3)?
-75
Evaluate (22 + -18 - 11) + (0 - 2).
-9
What is -5 - ((-26 - -3) + 6)?
12
What is (-113 + 24 - -54 - -20) + -1 + 34?
18
Calculate (-21 - 8 - (0 - -7 - (28 + -33))) + -3.
-44
Calculate (622 - 599) + 25 + 9 + -6 + 4.
55
Evaluate -30 + (-48 - (-9 + -16) - 8).
-61
Evaluate 40 + (0 - 12 - (51 - (58 + 5))).
40
Calculate (24 - 8) + 18 + -5.
29
Evaluate (5254 - 5354) + -2 + (2 - -21).
-79
What is (19 - (-1 + -4 - -5)) + -29 - 58?
-68
What is (-691 - -707) + (1 - 3)?
14
What is -1 + 0 + -10 - (19251 - 19294)?
32
What is 2 - ((-11 - (-17 + 15 + -22)) + 60 + 0)?
-71
What is 60 + 35 + (13 - 4)?
104
Calculate (-214 - -253) + (-2 - (1 + -3) - (18 - 21)).
42
0 + -39 - (57 - 30 - 39)
-27
Evaluate 47 - 27 - 21 - 36.
-37
-1 - 52 - -1 - (305 - (457 + -145))
-45
Evaluate -37 + 43 - (-1 + -4) - (-419 + 430).
0
What is the value of -196 - (-476 - -293) - (6 + 2)?
-21
Evaluate (-42 - -37 - 18) + 1 + 23 + -105.
-104
(15 - (-15 - (-28 - -19))) + 18
39
What is (6 - 0 - (-63 - -65)) + -28?
-24
What is -1 + 1 - (-19 - ((16 - 0) + -90 + 88))?
33
Evaluate -7 - (120 + -3 - (3 + 10 + -17 - -13)).
-115
Calculate (-747 + 780 - (5 - 0)) + 15 + -2.
41
Evaluate -102 + (19 - (-13 + -14)).
-56
What is 102 - (-7 + 0 - (384 + -374))?
119
Calculate -1502 + 1509 - (-70 + 4 + -1 + -2).
76
Evaluate 32 + (-25 - -33 - (24 + -3)).
19
What is -29 - 1 - (96 - (194 - 132))?
-64
Calculate (-3 - 0) + 66 + (207 - 223) + 15 + -1.
61
What is the value of (-4 - (9 + -6)) + (105 - -2 - (-153 + 141))?
112
What is 33 - (31 + 11 + 42)?
-51
What is the value of -70 - (-72 - (44 + -61)) - (1 + 45)?
-61
Evaluate -15 - (20 - 64) - 15.
14
What is (-6 - -7) + 2 + (-17 - 29) - -4?
-39
(37 - -13) + (14 - 82)
-18
-35 - (-26 + 35 - 28) - -26
10
What is 40 + (3 + -12 - 3 - (-34 + (-23 - -48)))?
37
What is (35 - 44) + 32 - 47 - 18?
-42
Evaluate 103 + -203 + 108 + (-2 - 121) + -21.
-136
What is -2 + 3 + 10 - (-26 + 7 + (11 - -5))?
14
What is the value of 38 + -101 + -47 + 21?
-89
Evaluate 5 + (-6 - (13 + -6 - 7 - -2) - 10).
-13
What is the value of -10 + (-1 - (-4 + -27))?
20
Evaluate 0 + -1 + 95 + -105 + (-3 - (8 - 7)).
-15
Calculate -245 + -154 + 228 + 35.
-136
What is 71 + -25 + (34 + -34 - (-1 + 11))?
36
Calculate 171 + -117 - (2 - 10 - -32).
30
Evaluate -60 + (32 - -7) - 28.
-49
What is the value of 70 + -75 - -10 - (-4 - (0 + -1))?
8
-26 + 6 + (-2 + 14 - -1)
-7
What is the value of -5 + (-1 - -6) + (13 - -29) + (6 - -2)?
50
0 + 5 + -2 + 3 - (-8 - (-17 + 22))
19
(173 - 47) + -39 - 46
41
-23 + 111 + -90 - (48 + -1)
-49
Evaluate 93 + -79 + -23 - -26.
17
Calculate -4 - (14 + -9 + (10 - (-20 - -86))).
47
Calculate 33 + -28 - (11 + -3 + -3) - (11 - 0).
-11
What is the value of (26 - 18 - (10 + 4)) + (-2 - -5)?
-3
Evaluate 1 + 15 + 103 + (-134 - -34).
19
(4 - (-18 + 17)) + (3 - 3) + (-20 - 7)
-22
What is the value of -51 + (-2 - -1) - (10202 + -10198)?
-56
Evaluate 89 + (-5 - -2 - 168).
-82
What is the value of -18 - (0 - (12 - -94) - (-18 - -1))?
71
Calculate 47 + -2 + 0 + (141 - 82) + -54.
50
Calculate 35 - -39 - (-4 - (-7 + (-4 + 9 - 2))).
74
-20 + -4 + 30 + 0 + 66
72
What is the value of -10 - (24 - ((7 - 6) + 13)) - 2?
-22
Calculate 26 + 5 + 19 + (-186 - -211).
75
371 + -396 - (5 + -69)
39
What is -16 + -27 + -20 + 17 + 31?
-15
Evaluate 62 + (80 - 83 - 62).
-3
7 + -26 + 29 + 2 + -3
9
What is 4906 + -4931 + (3 - 0) + -20?
-42
What is the value of -8 + (-2 - -1) - (13 - -203 - 126)?
-99
Calculate 101 + (93 - 110) + -1 + -19.
64
What is -19 - (-81 + 93 + -86)?
55
Calculate -78 + 92 + 65 + -123.
-44
What is the value of (-106 - (-180 - -81)) + -28?
-35
Evaluate (51 + -37 - 25) + 8.
-3
Calculate 78 + -35 + 4 + -47.
0
Evaluate -9 + -4 - (26 - -29 - 39).
-29
What is the value of -13 - (92 + (-23 - (-1 - (30 - 15))))?
-98
Calculate -3074 + 3081 - (-1 + (0 - -8)) - -6.
6
What is 1 - (-16 - (-3 - -4 - 24) - -49)?
-55
What is -23 + (-233 - -215) + -3 + 76?
32
Evaluate 36 - (30 + 24) - -44.
26
What is 7 + (76 - 27) + -42?
14
What is -4 + (24 - 29) + -48?
-57
Calculate (-100 - -68 - -33) + (4 - (-3 + 83)) + -1.
-76
Evaluate 22 + (-49 - 19) + (-9 - -176).
121
What is 66 - (9 + (109 - 59))?
7
What is (-11 - 30) + -1 + 6 + 6 + -3 + -3?
-36
What is -94 + 199 - 116 - (0 + 0 - 31)?
20
What is 19 - (36 + 41) - 7?
-65
What is the value of 6 - (-47 - (-47 + 41))?
47
Evaluate (-4 - -68) + -132 + 46.
-22
Calculate 31 - (-23 + 25 + 14).
15
What is 4 + (-16 - -3) + -65?
-74
Calculate -57 + (-78 + 95 - -118).
78
What is the value of (-7744 - -7770) + (0 + 1 - -10)?
37
Calculate -38 + 129 + -105 - 54.
-68
What is the value of -986 + 955 - (-1 - 29)?
-1
(-15 - -54) + 144 + -25 + -49
109
Evaluate 0 + -61 + (43 - -11 - (6 - -53)).
-66
What is the value of 1 + 7 - (51 + -56 + 9 + -10)?
14
What is the value of 2 + 48 - (-13 - -20 - 11)?
54
Evaluate 93 - (-2 + 109 + -55).
41
What is -73 + (35 - 40 - 62) + 33?
-107
Evaluate -43 + (20 + -15 - 12 - 4) + 9.
-45
What is -13 + 12 + (16 + 1 - (5 - 9))?
20
-4 - (2 + -1 - 0 - (1218 + -1202))
11
Calculate -19 + -18 + 78 - (1 + -1 + -3 + 7).
37
What is the value of 2 + 113 + 6561 + -6638?
38
What is 17 + -32 + (33 - -6)?
24
Calculate 13 - -1 - (-25119 + 25009).
124
Calculate -68 - -3 - (-27 + 83 - 70).
-51
Calculate 15 + -20 + (-7 - (28 + -63)).
23
Evaluate -1 + -56 - (13496 + -13609).
56
Evaluate -4 - (11 + (8 - 12 - (-14 - 1))).
-26
Evaluate -40 + 44 + -12 - -6.
-2
Evaluate -78 + 2 - -1 - (60 + -48 - 10).
-77
Calculate -8 + (21 - (-25 + 86 + -19)).
-29
What is (18 - 5) + (12 - (-14 - -19) - 10)?
10
-55 - -104 - (14 + -8 + (-7 - -13))
37
Calculate (1 + 13 - (0 - -2) - 2) + -13 + 42.
39
Evaluate 0 + (30 - (-53 + 41)).
42
Evaluate (0 - 0) + 2312 + -2361.
-49
-30 + 21 + (-2 + 16 + -6 - 7) + 47
39
What is -17 - (-34 - -17) - (4 + (-4 - 10)) - -75?
85
What is the value of -75 - (-19 + 67 + (6 - 30))?
-99
Evaluate 0 + -87 + (2 - 30 - -1) + (-550 - -577).
-87
Calculate 4 + 6 - 4 - (5 + (6 - 3)).
-2
What is the value of (-171 + -140 - -285) + (1 - -26)?
1
(8 + -36 - -5) + (-82 - -161)
56
(2 + 40 - -20) + 3
65
What is the value of (2527 - 2325) + (-117 - -3)?
88
158 + (88 - 155) + (1 - 36)
56
What is (524 - 543) + (0 - (-2 + 0))?
-17
What is (14 - (-80 - 0)) + -39 + 57?
112
What is 31 - (192 - 141) - (-54 - 0)?
34
What is (-38 - -16) + -8 + -66 + 22 - (6 - 1)?
-79
What is 12 + -8 - 14 - (-22 - 10)?
22
What is the value of -65 + 118 - (82 - 29)?
0
What is 26 + (14 - (17 + 7)) + -1 + 3 + 0?
18
What is -44 + 70 + -30 - -42?
38
Evaluate 21 + (10 - (-12 + -19 + 19)).
43
Evaluate -92 - ((2 - 4) + -3) - (-464 + 458).
-81
Calculate (0 + 8 - (64 - (101 + -31))) + 35.
49
Evaluate -8 + 18 - 37 - 3 - -20.
-10
Calculate 12 + (-27 - -6) - (15 + -1 + (51 - 59)).
-15
Evaluate -44 + (-59 - -66 - (5 - (-2 - 2))).
-46
What is the value of 11 + (-23 - 25 - (0 - 23) - (-12 + 1))?
-3
Evaluate (182 - 12 - 34) + -92.
44
Calculate -12 - ((-1538 - -1504) + (-1 - (2 - 13))).
12
Evalu